{"id":69,"date":"2020-12-14T18:59:02","date_gmt":"2020-12-14T17:59:02","guid":{"rendered":"https:\/\/boutique.reprenonslecontrole.fr\/?post_type=product&#038;p=69"},"modified":"2023-12-10T16:27:44","modified_gmt":"2023-12-10T15:27:44","slug":"sac-a-dos-en-polyester-impression-logo-generation-frexit","status":"publish","type":"product","link":"https:\/\/boutique.reprenonslecontrole.fr\/?product=sac-a-dos-en-polyester-impression-logo-generation-frexit","title":{"rendered":"Sac \u00e0 dos en polyester Logo G\u00e9n\u00e9ration Frexit"},"content":{"rendered":"","protected":false},"excerpt":{"rendered":"<div class=\"short-description bloc-product\">\n<p><span id=\"extract\">Sac \u00e0 doc en polyester avec cordelettes \u2013 Renforts d\u2019angle.<br \/>\nImpression logo G\u00e9n\u00e9ration Frexit<br \/>\n<\/span>Caract\u00e9ristiques<br \/>\nDimensions : L 34,5 x Ht 45 cm<br \/>\nPoids : 40 grs<\/p>\n<\/div>\n","protected":false},"featured_media":65,"comment_status":"open","ping_status":"closed","template":"","meta":[],"product_cat":[22],"product_tag":[],"_links":{"self":[{"href":"https:\/\/boutique.reprenonslecontrole.fr\/index.php?rest_route=\/wp\/v2\/product\/69"}],"collection":[{"href":"https:\/\/boutique.reprenonslecontrole.fr\/index.php?rest_route=\/wp\/v2\/product"}],"about":[{"href":"https:\/\/boutique.reprenonslecontrole.fr\/index.php?rest_route=\/wp\/v2\/types\/product"}],"replies":[{"embeddable":true,"href":"https:\/\/boutique.reprenonslecontrole.fr\/index.php?rest_route=%2Fwp%2Fv2%2Fcomments&post=69"}],"version-history":[{"count":3,"href":"https:\/\/boutique.reprenonslecontrole.fr\/index.php?rest_route=\/wp\/v2\/product\/69\/revisions"}],"predecessor-version":[{"id":78,"href":"https:\/\/boutique.reprenonslecontrole.fr\/index.php?rest_route=\/wp\/v2\/product\/69\/revisions\/78"}],"wp:featuredmedia":[{"embeddable":true,"href":"https:\/\/boutique.reprenonslecontrole.fr\/index.php?rest_route=\/wp\/v2\/media\/65"}],"wp:attachment":[{"href":"https:\/\/boutique.reprenonslecontrole.fr\/index.php?rest_route=%2Fwp%2Fv2%2Fmedia&parent=69"}],"wp:term":[{"taxonomy":"product_cat","embeddable":true,"href":"https:\/\/boutique.reprenonslecontrole.fr\/index.php?rest_route=%2Fwp%2Fv2%2Fproduct_cat&post=69"},{"taxonomy":"product_tag","embeddable":true,"href":"https:\/\/boutique.reprenonslecontrole.fr\/index.php?rest_route=%2Fwp%2Fv2%2Fproduct_tag&post=69"}],"curies":[{"name":"wp","href":"https:\/\/api.w.org\/{rel}","templated":true}]}}

Sac à dos en polyester Logo Génération Frexit

<div class="short-description bloc-product">
<p><span id="extract">Sac à doc en polyester avec cordelettes – Renforts d’angle.<br />
Impression logo Génération Frexit<br />
</span>Caractéristiques<br />
Dimensions : L 34,5 x Ht 45 cm<br />
Poids : 40 grs</p>
</div>
