{"id":17,"date":"2022-01-15T12:00:25","date_gmt":"2022-01-15T11:00:25","guid":{"rendered":"https:\/\/boutique.reprenonslecontrole.fr\/?post_type=product&#038;p=17"},"modified":"2023-12-14T16:23:08","modified_gmt":"2023-12-14T15:23:08","slug":"les-illusions-economiques-de-lunion-europeenne","status":"publish","type":"product","link":"https:\/\/boutique.reprenonslecontrole.fr\/?product=les-illusions-economiques-de-lunion-europeenne","title":{"rendered":"Les illusions \u00e9conomiques de l&rsquo;Union europ\u00e9enne"},"content":{"rendered":"","protected":false},"excerpt":{"rendered":"<p>\u00ab\u00a0J&rsquo;\u00e9tais pro-europ\u00e9en comme tout le monde. Parce que c&rsquo;est comme \u00e7a. Parce que l&rsquo;on vous r\u00e9p\u00e8te du berceau \u00e0 la tombe que l&rsquo;Union europ\u00e9enne est formidable. Parce que, aimant les autres peuples europ\u00e9ens, l&rsquo;id\u00e9e d&rsquo;une union pouvait para\u00eetre a priori sympathique, vue rapidement de l&rsquo;ext\u00e9rieur. Parce que l&rsquo;on vous r\u00e9p\u00e8te que la France serait trop petite seule dans la mondialisation. Parce que l&rsquo;Europe, c&rsquo;est la paix.<br \/>\nParce qu&rsquo;en sortir serait la catastrophe. Avec du recul et en creusant le fonctionnement de cette organisation politique, tous les arguments en faveur de l&rsquo;UE sont pavloviens, bas\u00e9s sur des slogans et sur la peur. Vous allez le comprendre : lorsque l&rsquo;on analyse l&rsquo;UE en profondeur et que l&rsquo;on d\u00e9cide rationnellement qu&rsquo;il vaut mieux s&rsquo;en lib\u00e9rer, c&rsquo;est un combat des faits face \u00e0 un dogme. C&rsquo;est d&rsquo;ailleurs tout l&rsquo;objet de ce libre, r\u00e9pondre au dogme, \u00e0 la religion de l&rsquo;UE, par des faits\u00a0\u00bb.<br \/>\nCharles-Henri Gallois<\/p>\n","protected":false},"featured_media":513,"comment_status":"open","ping_status":"closed","template":"","meta":[],"product_cat":[17],"product_tag":[],"_links":{"self":[{"href":"https:\/\/boutique.reprenonslecontrole.fr\/index.php?rest_route=\/wp\/v2\/product\/17"}],"collection":[{"href":"https:\/\/boutique.reprenonslecontrole.fr\/index.php?rest_route=\/wp\/v2\/product"}],"about":[{"href":"https:\/\/boutique.reprenonslecontrole.fr\/index.php?rest_route=\/wp\/v2\/types\/product"}],"replies":[{"embeddable":true,"href":"https:\/\/boutique.reprenonslecontrole.fr\/index.php?rest_route=%2Fwp%2Fv2%2Fcomments&post=17"}],"version-history":[{"count":2,"href":"https:\/\/boutique.reprenonslecontrole.fr\/index.php?rest_route=\/wp\/v2\/product\/17\/revisions"}],"predecessor-version":[{"id":243,"href":"https:\/\/boutique.reprenonslecontrole.fr\/index.php?rest_route=\/wp\/v2\/product\/17\/revisions\/243"}],"wp:featuredmedia":[{"embeddable":true,"href":"https:\/\/boutique.reprenonslecontrole.fr\/index.php?rest_route=\/wp\/v2\/media\/513"}],"wp:attachment":[{"href":"https:\/\/boutique.reprenonslecontrole.fr\/index.php?rest_route=%2Fwp%2Fv2%2Fmedia&parent=17"}],"wp:term":[{"taxonomy":"product_cat","embeddable":true,"href":"https:\/\/boutique.reprenonslecontrole.fr\/index.php?rest_route=%2Fwp%2Fv2%2Fproduct_cat&post=17"},{"taxonomy":"product_tag","embeddable":true,"href":"https:\/\/boutique.reprenonslecontrole.fr\/index.php?rest_route=%2Fwp%2Fv2%2Fproduct_tag&post=17"}],"curies":[{"name":"wp","href":"https:\/\/api.w.org\/{rel}","templated":true}]}}

Les illusions économiques de l&rsquo;Union européenne

<p>« J&rsquo;étais pro-européen comme tout le monde. Parce que c&rsquo;est comme ça. Parce que l&rsquo;on vous répète du berceau à la tombe que l&rsquo;Union européenne est formidable. Parce que, aimant les autres peuples européens, l&rsquo;idée d&rsquo;une union pouvait paraître a priori sympathique, vue rapidement de l&rsquo;extérieur. Parce que l&rsquo;on vous répète que la France serait trop petite seule dans la mondialisation. Parce que l&rsquo;Europe, c&rsquo;est la paix.<br />
Parce qu&rsquo;en sortir serait la catastrophe. Avec du recul et en creusant le fonctionnement de cette organisation politique, tous les arguments en faveur de l&rsquo;UE sont pavloviens, basés sur des slogans et sur la peur. Vous allez le comprendre : lorsque l&rsquo;on analyse l&rsquo;UE en profondeur et que l&rsquo;on décide rationnellement qu&rsquo;il vaut mieux s&rsquo;en libérer, c&rsquo;est un combat des faits face à un dogme. C&rsquo;est d&rsquo;ailleurs tout l&rsquo;objet de ce libre, répondre au dogme, à la religion de l&rsquo;UE, par des faits ».<br />
Charles-Henri Gallois</p>
